{"id":11675,"date":"2022-05-02T13:41:14","date_gmt":"2022-05-02T17:41:14","guid":{"rendered":"https:\/\/giras.bancaeticalat.com\/?page_id=11675"},"modified":"2022-05-25T14:59:27","modified_gmt":"2022-05-25T18:59:27","slug":"inscripcion-evento-bogota-25-de-mayo","status":"publish","type":"page","link":"https:\/\/giras.belat.com\/pt\/inscripcion-evento-bogota-25-de-mayo\/","title":{"rendered":"Inscripci\u00f3n Evento Bogota 25 de Mayo"},"content":{"rendered":"<div data-elementor-type=\"wp-page\" data-elementor-id=\"11675\" class=\"elementor elementor-11675\" data-elementor-post-type=\"page\">\n\t\t\t\t\t\t<section class=\"elementor-section elementor-top-section elementor-element elementor-element-500fc52 elementor-section-content-middle elementor-section-boxed elementor-section-height-default elementor-section-height-default\" data-id=\"500fc52\" data-element_type=\"section\" data-settings=\"{&quot;background_background&quot;:&quot;classic&quot;}\">\n\t\t\t\t\t\t<div class=\"elementor-container elementor-column-gap-default\">\n\t\t\t\t\t<div class=\"elementor-column elementor-col-50 elementor-top-column elementor-element elementor-element-d2bba7e\" data-id=\"d2bba7e\" data-element_type=\"column\">\n\t\t\t<div class=\"elementor-widget-wrap elementor-element-populated\">\n\t\t\t\t\t\t<div class=\"elementor-element elementor-element-ad14425 elementor-widget elementor-widget-image\" data-id=\"ad14425\" data-element_type=\"widget\" data-widget_type=\"image.default\">\n\t\t\t\t\t\t\t\t\t\t\t\t\t\t\t<img fetchpriority=\"high\" decoding=\"async\" width=\"300\" height=\"275\" src=\"https:\/\/giras.belat.com\/wp-content\/uploads\/2022\/02\/Mele-Duotono-1-300x275.png\" class=\"attachment-medium size-medium wp-image-4039\" alt=\"\" srcset=\"https:\/\/giras.belat.com\/wp-content\/uploads\/2022\/02\/Mele-Duotono-1-300x275.png 300w, https:\/\/giras.belat.com\/wp-content\/uploads\/2022\/02\/Mele-Duotono-1-13x12.png 13w, https:\/\/giras.belat.com\/wp-content\/uploads\/2022\/02\/Mele-Duotono-1.png 600w\" sizes=\"(max-width: 300px) 100vw, 300px\" \/>\t\t\t\t\t\t\t\t\t\t\t\t\t\t\t<\/div>\n\t\t\t\t\t<\/div>\n\t\t<\/div>\n\t\t\t\t<div class=\"elementor-column elementor-col-50 elementor-top-column elementor-element elementor-element-2001601\" data-id=\"2001601\" data-element_type=\"column\">\n\t\t\t<div class=\"elementor-widget-wrap elementor-element-populated\">\n\t\t\t\t\t\t<div class=\"elementor-element elementor-element-17ca26d elementor-widget elementor-widget-heading\" data-id=\"17ca26d\" data-element_type=\"widget\" data-widget_type=\"heading.default\">\n\t\t\t\t\t<h2 class=\"elementor-heading-title elementor-size-default\">JOAN MEL\u00c9<\/h2>\t\t\t\t<\/div>\n\t\t\t\t<div class=\"elementor-element elementor-element-3a86590 elementor-widget elementor-widget-text-editor\" data-id=\"3a86590\" data-element_type=\"widget\" data-widget_type=\"text-editor.default\">\n\t\t\t\t\t\t\t\t\tPresidente da Funda\u00e7\u00e3o Dinero y Conciencia\t\t\t\t\t\t\t\t<\/div>\n\t\t\t\t<div class=\"elementor-element elementor-element-c63265b elementor-widget elementor-widget-text-editor\" data-id=\"c63265b\" data-element_type=\"widget\" data-widget_type=\"text-editor.default\">\n\t\t\t\t\t\t\t\t\t<p>Com mais de 40 anos de experi\u00eancia no setor banc\u00e1rio, Joan Antoni Mel\u00e9 \u00e9 o promotor da Banca \u00c9tica na Am\u00e9rica Latina atrav\u00e9s de sua posi\u00e7\u00e3o como presidente da Funda\u00e7\u00e3o Dinheiro e Consci\u00eancia<\/p><p>Foi vice-presidente e membro do comit\u00ea executivo do Triodos Bank, na Espanha.<\/p><p>Publicou os livros Dinheiro e Consci\u00eancia: Para quem \u00e9 o meu dinheiro?, A economia explicada aos jovens, o Que nos resta para viver e os volumes, Seres Humanos ou Marionetes?.<\/p>\t\t\t\t\t\t\t\t<\/div>\n\t\t\t\t\t<\/div>\n\t\t<\/div>\n\t\t\t\t\t<\/div>\n\t\t<\/section>\n\t\t\t\t<section class=\"elementor-section elementor-top-section elementor-element elementor-element-3ddd19d6 elementor-section-content-middle elementor-section-boxed elementor-section-height-default elementor-section-height-default\" data-id=\"3ddd19d6\" data-element_type=\"section\">\n\t\t\t\t\t\t<div class=\"elementor-container elementor-column-gap-default\">\n\t\t\t\t\t<div class=\"elementor-column elementor-col-100 elementor-top-column elementor-element elementor-element-601e8f10\" data-id=\"601e8f10\" data-element_type=\"column\">\n\t\t\t<div class=\"elementor-widget-wrap elementor-element-populated\">\n\t\t\t\t\t\t<div class=\"elementor-element elementor-element-a1a74d3 elementor-widget elementor-widget-heading\" data-id=\"a1a74d3\" data-element_type=\"widget\" data-widget_type=\"heading.default\">\n\t\t\t\t\t<h2 class=\"elementor-heading-title elementor-size-default\">INSCRIPCIONES CERRADAS<\/h2>\t\t\t\t<\/div>\n\t\t\t\t\t<\/div>\n\t\t<\/div>\n\t\t\t\t\t<\/div>\n\t\t<\/section>\n\t\t\t\t<\/div>","protected":false},"excerpt":{"rendered":"<p>JOAN MEL\u00c9 Presidente de la Fundaci\u00f3n Dinero y Conciencia Con m\u00e1s de 40 a\u00f1os de experiencia en el sector de la banca, Joan Antoni Mel\u00e9 es el promotor de la Banca \u00c9tica en Latinoam\u00e9rica a trav\u00e9s de su cargo como presidente de la Fundaci\u00f3n Dinero y Conciencia. Ha sido subdirector general de Triodos Bank en [&hellip;]<\/p>\n","protected":false},"author":1,"featured_media":0,"parent":0,"menu_order":0,"comment_status":"closed","ping_status":"closed","template":"","meta":{"footnotes":""},"class_list":["post-11675","page","type-page","status-publish","hentry"],"_links":{"self":[{"href":"https:\/\/giras.belat.com\/pt\/wp-json\/wp\/v2\/pages\/11675","targetHints":{"allow":["GET"]}}],"collection":[{"href":"https:\/\/giras.belat.com\/pt\/wp-json\/wp\/v2\/pages"}],"about":[{"href":"https:\/\/giras.belat.com\/pt\/wp-json\/wp\/v2\/types\/page"}],"author":[{"embeddable":true,"href":"https:\/\/giras.belat.com\/pt\/wp-json\/wp\/v2\/users\/1"}],"replies":[{"embeddable":true,"href":"https:\/\/giras.belat.com\/pt\/wp-json\/wp\/v2\/comments?post=11675"}],"version-history":[{"count":0,"href":"https:\/\/giras.belat.com\/pt\/wp-json\/wp\/v2\/pages\/11675\/revisions"}],"wp:attachment":[{"href":"https:\/\/giras.belat.com\/pt\/wp-json\/wp\/v2\/media?parent=11675"}],"curies":[{"name":"wp","href":"https:\/\/api.w.org\/{rel}","templated":true}]}}

Inscripción Evento Bogota 25 de Mayo

<div data-elementor-type="wp-page" data-elementor-id="11675" class="elementor elementor-11675" data-elementor-post-type="page">
						<section class="elementor-section elementor-top-section elementor-element elementor-element-500fc52 elementor-section-content-middle elementor-section-boxed elementor-section-height-default elementor-section-height-default" data-id="500fc52" data-element_type="section" data-settings="{&quot;background_background&quot;:&quot;classic&quot;}">
						<div class="elementor-container elementor-column-gap-default">
					<div class="elementor-column elementor-col-50 elementor-top-column elementor-element elementor-element-d2bba7e" data-id="d2bba7e" data-element_type="column">
			<div class="elementor-widget-wrap elementor-element-populated">
						<div class="elementor-element elementor-element-ad14425 elementor-widget elementor-widget-image" data-id="ad14425" data-element_type="widget" data-widget_type="image.default">
															<img fetchpriority="high" decoding="async" width="300" height="275" src="https://giras.belat.com/wp-content/uploads/2022/02/Mele-Duotono-1-300x275.png" class="attachment-medium size-medium wp-image-4039" alt="" srcset="https://giras.belat.com/wp-content/uploads/2022/02/Mele-Duotono-1-300x275.png 300w, https://giras.belat.com/wp-content/uploads/2022/02/Mele-Duotono-1-13x12.png 13w, https://giras.belat.com/wp-content/uploads/2022/02/Mele-Duotono-1.png 600w" sizes="(max-width: 300px) 100vw, 300px" />															</div>
					</div>
		</div>
				<div class="elementor-column elementor-col-50 elementor-top-column elementor-element elementor-element-2001601" data-id="2001601" data-element_type="column">
			<div class="elementor-widget-wrap elementor-element-populated">
						<div class="elementor-element elementor-element-17ca26d elementor-widget elementor-widget-heading" data-id="17ca26d" data-element_type="widget" data-widget_type="heading.default">
					<h2 class="elementor-heading-title elementor-size-default">JOAN MELÉ</h2>				</div>
				<div class="elementor-element elementor-element-3a86590 elementor-widget elementor-widget-text-editor" data-id="3a86590" data-element_type="widget" data-widget_type="text-editor.default">
									Presidente da Fundação Dinero y Conciencia								</div>
				<div class="elementor-element elementor-element-c63265b elementor-widget elementor-widget-text-editor" data-id="c63265b" data-element_type="widget" data-widget_type="text-editor.default">
									<p>Com mais de 40 anos de experiência no setor bancário, Joan Antoni Melé é o promotor da Banca Ética na América Latina através de sua posição como presidente da Fundação Dinheiro e Consciência</p><p>Foi vice-presidente e membro do comitê executivo do Triodos Bank, na Espanha.</p><p>Publicou os livros Dinheiro e Consciência: Para quem é o meu dinheiro?, A economia explicada aos jovens, o Que nos resta para viver e os volumes, Seres Humanos ou Marionetes?.</p>								</div>
					</div>
		</div>
					</div>
		</section>
				<section class="elementor-section elementor-top-section elementor-element elementor-element-3ddd19d6 elementor-section-content-middle elementor-section-boxed elementor-section-height-default elementor-section-height-default" data-id="3ddd19d6" data-element_type="section">
						<div class="elementor-container elementor-column-gap-default">
					<div class="elementor-column elementor-col-100 elementor-top-column elementor-element elementor-element-601e8f10" data-id="601e8f10" data-element_type="column">
			<div class="elementor-widget-wrap elementor-element-populated">
						<div class="elementor-element elementor-element-a1a74d3 elementor-widget elementor-widget-heading" data-id="a1a74d3" data-element_type="widget" data-widget_type="heading.default">
					<h2 class="elementor-heading-title elementor-size-default">INSCRIPCIONES CERRADAS</h2>				</div>
					</div>
		</div>
					</div>
		</section>
				</div>

<p>JOAN MELÉ Presidente de la Fundación Dinero y Conciencia Con más de 40 años de experiencia en el sector de la banca, Joan Antoni Melé es el promotor de la Banca Ética en Latinoamérica a través de su cargo como presidente de la Fundación Dinero y Conciencia. Ha sido subdirector general de Triodos Bank en [&hellip;]</p>
