{"id":15036,"date":"2022-11-08T17:56:57","date_gmt":"2022-11-08T20:56:57","guid":{"rendered":"https:\/\/giras.bancaeticalat.com\/?page_id=15036"},"modified":"2022-11-17T12:44:38","modified_gmt":"2022-11-17T15:44:38","slug":"creando-un-futuro-sostenible-para-la-tierra-y-las-personas","status":"publish","type":"page","link":"https:\/\/giras.belat.com\/pt\/creando-un-futuro-sostenible-para-la-tierra-y-las-personas\/","title":{"rendered":"Ecosistema BE &#8211; Creando un futuro sostenible para la tierra y las personas 30-11"},"content":{"rendered":"<div data-elementor-type=\"wp-page\" data-elementor-id=\"15036\" class=\"elementor elementor-15036\" data-elementor-post-type=\"page\">\n\t\t\t\t\t\t<section class=\"elementor-section elementor-top-section elementor-element elementor-element-cb8fefe elementor-section-boxed elementor-section-height-default elementor-section-height-default\" data-id=\"cb8fefe\" data-element_type=\"section\">\n\t\t\t\t\t\t<div class=\"elementor-container elementor-column-gap-default\">\n\t\t\t\t\t<div class=\"elementor-column elementor-col-100 elementor-top-column elementor-element elementor-element-2ffb277\" data-id=\"2ffb277\" data-element_type=\"column\">\n\t\t\t<div class=\"elementor-widget-wrap elementor-element-populated\">\n\t\t\t\t\t\t<div class=\"elementor-element elementor-element-1012e4c0 elementor-widget elementor-widget-heading\" data-id=\"1012e4c0\" data-element_type=\"widget\" data-widget_type=\"heading.default\">\n\t\t\t\t\t<h5 class=\"elementor-heading-title elementor-size-default\">GIRA LATINOAMERICANA<\/h5>\t\t\t\t<\/div>\n\t\t\t\t<div class=\"elementor-element elementor-element-6da0c281 elementor-widget elementor-widget-heading\" data-id=\"6da0c281\" data-element_type=\"widget\" data-widget_type=\"heading.default\">\n\t\t\t\t\t<h2 class=\"elementor-heading-title elementor-size-default\">Creando un futuro sostenible para la tierra y las personas<\/h2>\t\t\t\t<\/div>\n\t\t\t\t\t<\/div>\n\t\t<\/div>\n\t\t\t\t\t<\/div>\n\t\t<\/section>\n\t\t\t\t<section class=\"elementor-section elementor-top-section elementor-element elementor-element-20291ded elementor-section-boxed elementor-section-height-default elementor-section-height-default\" data-id=\"20291ded\" data-element_type=\"section\">\n\t\t\t\t\t\t<div class=\"elementor-container elementor-column-gap-default\">\n\t\t\t\t\t<div class=\"elementor-column elementor-col-50 elementor-top-column elementor-element elementor-element-26753f70\" data-id=\"26753f70\" data-element_type=\"column\">\n\t\t\t<div class=\"elementor-widget-wrap elementor-element-populated\">\n\t\t\t\t\t\t<div class=\"elementor-element elementor-element-edca7ea elementor-hidden-mobile elementor-widget elementor-widget-image\" data-id=\"edca7ea\" data-element_type=\"widget\" data-widget_type=\"image.default\">\n\t\t\t\t\t\t\t\t\t\t\t\t\t\t\t<img fetchpriority=\"high\" decoding=\"async\" width=\"1080\" height=\"1080\" src=\"https:\/\/giras.belat.com\/wp-content\/uploads\/2022\/11\/BE_CHILE_FB_HERLMY-POST.png\" class=\"attachment-full size-full wp-image-15112\" alt=\"\" srcset=\"https:\/\/giras.belat.com\/wp-content\/uploads\/2022\/11\/BE_CHILE_FB_HERLMY-POST.png 1080w, https:\/\/giras.belat.com\/wp-content\/uploads\/2022\/11\/BE_CHILE_FB_HERLMY-POST-300x300.png 300w, https:\/\/giras.belat.com\/wp-content\/uploads\/2022\/11\/BE_CHILE_FB_HERLMY-POST-1024x1024.png 1024w, https:\/\/giras.belat.com\/wp-content\/uploads\/2022\/11\/BE_CHILE_FB_HERLMY-POST-150x150.png 150w, https:\/\/giras.belat.com\/wp-content\/uploads\/2022\/11\/BE_CHILE_FB_HERLMY-POST-768x768.png 768w, https:\/\/giras.belat.com\/wp-content\/uploads\/2022\/11\/BE_CHILE_FB_HERLMY-POST-12x12.png 12w, https:\/\/giras.belat.com\/wp-content\/uploads\/2022\/11\/BE_CHILE_FB_HERLMY-POST-600x600.png 600w, https:\/\/giras.belat.com\/wp-content\/uploads\/2022\/11\/BE_CHILE_FB_HERLMY-POST-100x100.png 100w\" sizes=\"(max-width: 1080px) 100vw, 1080px\" \/>\t\t\t\t\t\t\t\t\t\t\t\t\t\t\t<\/div>\n\t\t\t\t\t<\/div>\n\t\t<\/div>\n\t\t\t\t<div class=\"elementor-column elementor-col-50 elementor-top-column elementor-element elementor-element-2e90fd1f\" data-id=\"2e90fd1f\" data-element_type=\"column\">\n\t\t\t<div class=\"elementor-widget-wrap elementor-element-populated\">\n\t\t\t\t\t\t<div class=\"elementor-element elementor-element-68e138a7 elementor-widget elementor-widget-text-editor\" data-id=\"68e138a7\" data-element_type=\"widget\" data-widget_type=\"text-editor.default\">\n\t\t\t\t\t\t\t\t\t<p>El CEO de SEKEM, <strong>Helmy Abouleish<\/strong>, visita Chile para compartir su mirada sobre una nueva econom\u00eda y presentar el caso de SEKEM como un modelo inspirador reconocido en todo el mundo. SEKEM es un proyecto de agricultura biodinamica y desarrollo comunitario iniciado en las afueras del Cairo en 1977, donde antes habia un desierto hoy nos encontramos con 3 empresas propias (textil, farmaceutica y alimentos) con mas de 2000 trabajadores donde se lleva acabo toda la cadena de valor hasta la venta (incluso exportaci\u00f3n). Tambi\u00e9n cuenta con escuela, centro cultural, centro de salud propios y hasta con un campus universitario en el Cairo.<\/p><p>Hoy este modelo se est\u00e1 replicando en distintas partes del mundo como respuesta a la crisis social y ambiental que vivimos. Joan Mel\u00e9 dar\u00e1 unas palabras iniciales sobre su visita a SEKEM y como fortalecer colaboraciones globales para desafios globales.<\/p>\t\t\t\t\t\t\t\t<\/div>\n\t\t\t\t\t<\/div>\n\t\t<\/div>\n\t\t\t\t\t<\/div>\n\t\t<\/section>\n\t\t\t\t<section class=\"elementor-section elementor-top-section elementor-element elementor-element-79df004d elementor-section-boxed elementor-section-height-default elementor-section-height-default\" data-id=\"79df004d\" data-element_type=\"section\">\n\t\t\t\t\t\t<div class=\"elementor-container elementor-column-gap-default\">\n\t\t\t\t\t<div class=\"elementor-column elementor-col-100 elementor-top-column elementor-element elementor-element-6a8ce3b3\" data-id=\"6a8ce3b3\" data-element_type=\"column\">\n\t\t\t<div class=\"elementor-widget-wrap elementor-element-populated\">\n\t\t\t\t\t\t<div class=\"elementor-element elementor-element-c9638a4 elementor-widget elementor-widget-heading\" data-id=\"c9638a4\" data-element_type=\"widget\" data-widget_type=\"heading.default\">\n\t\t\t\t\t<h5 class=\"elementor-heading-title elementor-size-default\">Completa el formulario con tus datos para completar la inscripci\u00f3n\u00a0<\/h5>\t\t\t\t<\/div>\n\t\t\t\t<div class=\"elementor-element elementor-element-af7fc80 elementor-widget elementor-widget-text-editor\" data-id=\"af7fc80\" data-element_type=\"widget\" data-widget_type=\"text-editor.default\">\n\t\t\t\t\t\t\t\t\t<iframe src=\"https:\/\/docs.google.com\/forms\/d\/e\/1FAIpQLSdyx9WH0pd-D9oPXw8zK-oSsSnSImrZuGMNpsPaAExJO8vcIw\/viewform?embedded=true\" width=\"800\" height=\"2200\" frameborder=\"0\" marginheight=\"0\" marginwidth=\"0\">Cargando\u2026<\/iframe>\t\t\t\t\t\t\t\t<\/div>\n\t\t\t\t\t<\/div>\n\t\t<\/div>\n\t\t\t\t\t<\/div>\n\t\t<\/section>\n\t\t\t\t<section class=\"elementor-section elementor-top-section elementor-element elementor-element-6fc7dfe elementor-section-boxed elementor-section-height-default elementor-section-height-default\" data-id=\"6fc7dfe\" data-element_type=\"section\">\n\t\t\t\t\t\t<div class=\"elementor-container elementor-column-gap-default\">\n\t\t\t\t\t<div class=\"elementor-column elementor-col-100 elementor-top-column elementor-element elementor-element-a9716af\" data-id=\"a9716af\" data-element_type=\"column\">\n\t\t\t<div class=\"elementor-widget-wrap elementor-element-populated\">\n\t\t\t\t\t\t<div class=\"elementor-element elementor-element-13757e4 elementor-widget elementor-widget-spacer\" data-id=\"13757e4\" data-element_type=\"widget\" data-widget_type=\"spacer.default\">\n\t\t\t\t\t\t\t<div class=\"elementor-spacer\">\n\t\t\t<div class=\"elementor-spacer-inner\"><\/div>\n\t\t<\/div>\n\t\t\t\t\t\t<\/div>\n\t\t\t\t\t<\/div>\n\t\t<\/div>\n\t\t\t\t\t<\/div>\n\t\t<\/section>\n\t\t\t\t<\/div>","protected":false},"excerpt":{"rendered":"<p>GIRA LATINOAMERICANA Creando un futuro sostenible para la tierra y las personas El CEO de SEKEM, Helmy Abouleish, visita Chile para compartir su mirada sobre una nueva econom\u00eda y presentar el caso de SEKEM como un modelo inspirador reconocido en todo el mundo. SEKEM es un proyecto de agricultura biodinamica y desarrollo comunitario iniciado en [&hellip;]<\/p>\n","protected":false},"author":4,"featured_media":0,"parent":0,"menu_order":0,"comment_status":"closed","ping_status":"closed","template":"","meta":{"footnotes":""},"class_list":["post-15036","page","type-page","status-publish","hentry"],"_links":{"self":[{"href":"https:\/\/giras.belat.com\/pt\/wp-json\/wp\/v2\/pages\/15036","targetHints":{"allow":["GET"]}}],"collection":[{"href":"https:\/\/giras.belat.com\/pt\/wp-json\/wp\/v2\/pages"}],"about":[{"href":"https:\/\/giras.belat.com\/pt\/wp-json\/wp\/v2\/types\/page"}],"author":[{"embeddable":true,"href":"https:\/\/giras.belat.com\/pt\/wp-json\/wp\/v2\/users\/4"}],"replies":[{"embeddable":true,"href":"https:\/\/giras.belat.com\/pt\/wp-json\/wp\/v2\/comments?post=15036"}],"version-history":[{"count":0,"href":"https:\/\/giras.belat.com\/pt\/wp-json\/wp\/v2\/pages\/15036\/revisions"}],"wp:attachment":[{"href":"https:\/\/giras.belat.com\/pt\/wp-json\/wp\/v2\/media?parent=15036"}],"curies":[{"name":"wp","href":"https:\/\/api.w.org\/{rel}","templated":true}]}}

<div data-elementor-type="wp-page" data-elementor-id="15036" class="elementor elementor-15036" data-elementor-post-type="page">
						<section class="elementor-section elementor-top-section elementor-element elementor-element-cb8fefe elementor-section-boxed elementor-section-height-default elementor-section-height-default" data-id="cb8fefe" data-element_type="section">
						<div class="elementor-container elementor-column-gap-default">
					<div class="elementor-column elementor-col-100 elementor-top-column elementor-element elementor-element-2ffb277" data-id="2ffb277" data-element_type="column">
			<div class="elementor-widget-wrap elementor-element-populated">
						<div class="elementor-element elementor-element-1012e4c0 elementor-widget elementor-widget-heading" data-id="1012e4c0" data-element_type="widget" data-widget_type="heading.default">
					<h5 class="elementor-heading-title elementor-size-default">GIRA LATINOAMERICANA</h5>				</div>
				<div class="elementor-element elementor-element-6da0c281 elementor-widget elementor-widget-heading" data-id="6da0c281" data-element_type="widget" data-widget_type="heading.default">
					<h2 class="elementor-heading-title elementor-size-default">Creando un futuro sostenible para la tierra y las personas</h2>				</div>
					</div>
		</div>
					</div>
		</section>
				<section class="elementor-section elementor-top-section elementor-element elementor-element-20291ded elementor-section-boxed elementor-section-height-default elementor-section-height-default" data-id="20291ded" data-element_type="section">
						<div class="elementor-container elementor-column-gap-default">
					<div class="elementor-column elementor-col-50 elementor-top-column elementor-element elementor-element-26753f70" data-id="26753f70" data-element_type="column">
			<div class="elementor-widget-wrap elementor-element-populated">
						<div class="elementor-element elementor-element-edca7ea elementor-hidden-mobile elementor-widget elementor-widget-image" data-id="edca7ea" data-element_type="widget" data-widget_type="image.default">
															<img fetchpriority="high" decoding="async" width="1080" height="1080" src="https://giras.belat.com/wp-content/uploads/2022/11/BE_CHILE_FB_HERLMY-POST.png" class="attachment-full size-full wp-image-15112" alt="" srcset="https://giras.belat.com/wp-content/uploads/2022/11/BE_CHILE_FB_HERLMY-POST.png 1080w, https://giras.belat.com/wp-content/uploads/2022/11/BE_CHILE_FB_HERLMY-POST-300x300.png 300w, https://giras.belat.com/wp-content/uploads/2022/11/BE_CHILE_FB_HERLMY-POST-1024x1024.png 1024w, https://giras.belat.com/wp-content/uploads/2022/11/BE_CHILE_FB_HERLMY-POST-150x150.png 150w, https://giras.belat.com/wp-content/uploads/2022/11/BE_CHILE_FB_HERLMY-POST-768x768.png 768w, https://giras.belat.com/wp-content/uploads/2022/11/BE_CHILE_FB_HERLMY-POST-12x12.png 12w, https://giras.belat.com/wp-content/uploads/2022/11/BE_CHILE_FB_HERLMY-POST-600x600.png 600w, https://giras.belat.com/wp-content/uploads/2022/11/BE_CHILE_FB_HERLMY-POST-100x100.png 100w" sizes="(max-width: 1080px) 100vw, 1080px" />															</div>
					</div>
		</div>
				<div class="elementor-column elementor-col-50 elementor-top-column elementor-element elementor-element-2e90fd1f" data-id="2e90fd1f" data-element_type="column">
			<div class="elementor-widget-wrap elementor-element-populated">
						<div class="elementor-element elementor-element-68e138a7 elementor-widget elementor-widget-text-editor" data-id="68e138a7" data-element_type="widget" data-widget_type="text-editor.default">
									<p>El CEO de SEKEM, <strong>Helmy Abouleish</strong>, visita Chile para compartir su mirada sobre una nueva economía y presentar el caso de SEKEM como un modelo inspirador reconocido en todo el mundo. SEKEM es un proyecto de agricultura biodinamica y desarrollo comunitario iniciado en las afueras del Cairo en 1977, donde antes habia un desierto hoy nos encontramos con 3 empresas propias (textil, farmaceutica y alimentos) con mas de 2000 trabajadores donde se lleva acabo toda la cadena de valor hasta la venta (incluso exportación). También cuenta con escuela, centro cultural, centro de salud propios y hasta con un campus universitario en el Cairo.</p><p>Hoy este modelo se está replicando en distintas partes del mundo como respuesta a la crisis social y ambiental que vivimos. Joan Melé dará unas palabras iniciales sobre su visita a SEKEM y como fortalecer colaboraciones globales para desafios globales.</p>								</div>
					</div>
		</div>
					</div>
		</section>
				<section class="elementor-section elementor-top-section elementor-element elementor-element-79df004d elementor-section-boxed elementor-section-height-default elementor-section-height-default" data-id="79df004d" data-element_type="section">
						<div class="elementor-container elementor-column-gap-default">
					<div class="elementor-column elementor-col-100 elementor-top-column elementor-element elementor-element-6a8ce3b3" data-id="6a8ce3b3" data-element_type="column">
			<div class="elementor-widget-wrap elementor-element-populated">
						<div class="elementor-element elementor-element-c9638a4 elementor-widget elementor-widget-heading" data-id="c9638a4" data-element_type="widget" data-widget_type="heading.default">
					<h5 class="elementor-heading-title elementor-size-default">Completa el formulario con tus datos para completar la inscripción </h5>				</div>
				<div class="elementor-element elementor-element-af7fc80 elementor-widget elementor-widget-text-editor" data-id="af7fc80" data-element_type="widget" data-widget_type="text-editor.default">
									<iframe src="https://docs.google.com/forms/d/e/1FAIpQLSdyx9WH0pd-D9oPXw8zK-oSsSnSImrZuGMNpsPaAExJO8vcIw/viewform?embedded=true" width="800" height="2200" frameborder="0" marginheight="0" marginwidth="0">Cargando…</iframe>								</div>
					</div>
		</div>
					</div>
		</section>
				<section class="elementor-section elementor-top-section elementor-element elementor-element-6fc7dfe elementor-section-boxed elementor-section-height-default elementor-section-height-default" data-id="6fc7dfe" data-element_type="section">
						<div class="elementor-container elementor-column-gap-default">
					<div class="elementor-column elementor-col-100 elementor-top-column elementor-element elementor-element-a9716af" data-id="a9716af" data-element_type="column">
			<div class="elementor-widget-wrap elementor-element-populated">
						<div class="elementor-element elementor-element-13757e4 elementor-widget elementor-widget-spacer" data-id="13757e4" data-element_type="widget" data-widget_type="spacer.default">
							<div class="elementor-spacer">
			<div class="elementor-spacer-inner"></div>
		</div>
						</div>
					</div>
		</div>
					</div>
		</section>
				</div>

<p>GIRA LATINOAMERICANA Creando un futuro sostenible para la tierra y las personas El CEO de SEKEM, Helmy Abouleish, visita Chile para compartir su mirada sobre una nueva economía y presentar el caso de SEKEM como un modelo inspirador reconocido en todo el mundo. SEKEM es un proyecto de agricultura biodinamica y desarrollo comunitario iniciado en [&hellip;]</p>
